- -4) is divided by g.
9
Let x(m) = -m**3 - 6*m**2 - 3*m - 8. What is the remainder when 47 is divided by x(-6)?
7
Suppose 5*y = -z + 32, 5*z + 1 = -2*y - 0. Suppose 4*u + 10 = -5*t, 4*t - 4*u - 24 = 2*t. Calculate the remainder when y is divided by t.
1
Let f = 62 - -49. Let n = f + -69. Calculate the remainder when n is divided by 11.
9
Suppose -6 = -o + 7. What is the remainder when o is divided by 7?
6
Suppose 4*t + 22 = 5*t. Calculate the remainder when 41 is divided by t.
19
Let s(y) = 18*y - 1. Calculate the remainder when 32 is divided by s(1).
15
Suppose 2*h + 0*h + c = 47, -c = -2*h + 41. Calculate the remainder when 87 is divided by h.
21
Suppose -5*h + 53 = -3*n + 207, 5*n - 244 = 2*h. Calculate the remainder when n is divided by 5.
3
Suppose 2*w = 4*z + 56, -2*z + 83 + 9 = 4*w. Let k = w - 9. What is the remainder when 29 is divided by k?
14
Let d(w) = -w**3 - 11. Let x be d(0). Let n = x - -8. Calculate the remainder when 28 is divided by (-21)/(-2) + n/6.
8
Suppose -4*i + i = 48. Let o = -9 - i. Calculate the remainder when 20 is divided by o.
6
Suppose 4*x + 2*t = 3*t + 15, -5*x + 3*t = -24. Suppose x*j - j - 4 = 0. What is the remainder when 4 is divided by j?
0
Suppose 0 = -0*i - 3*i + 132. Calculate the remainder when i is divided by 15.
14
Let r(u) = 9*u - 7. What is the remainder when r(5) is divided by 13?
12
Suppose p + 0 = 6. Let y(g) = 3*g - 2. What is the remainder when y(p) is divided by (-2)/(-3) - (-200)/24?
7
Let o = 67 - 37. Let m = -43 + o. Let h = 19 + m. What is the remainder when 17 is divided by h?
5
Let k be 3/(-2)*(-24)/9. Suppose -k*p = -5*n + 12 + 14, 12 = -4*n - 5*p. Suppose -m = -n*m + 29. Calculate the remainder when m is divided by 10.
9
Suppose 2*b - 2*r - 4 = 0, -2*b - 3*b + 10 = -r. Suppose b*t = -3*s + 119, 0 = 5*t + 2*s + 39 - 320. What is the remainder when t is divided by 14?
13
Let m = 22 + -14. Suppose 0 = -2*u - 3*u. Suppose u = 2*d - 8 - 2. Calculate the remainder when m is divided by d.
3
Let d be 2*(-2 + (-9)/(-6)). Suppose -4*p + 3*u + 116 = 0, 5*p - 2*u + 6*u = 176. What is the remainder when p is divided by (2 - -9)*(-1)/d?
10
Let l(v) be the first derivative of -v**3/3 + 9*v - 1. Let d(q) = 4*q**2 - 2*q - 4. Calculate the remainder when d(3) is divided by l(0).
8
Let v = 1 - 2. Let t = v - -10. Calculate the remainder when t is divided by 6.
3
Let z(b) = b**3 + 4*b**2 - 2*b + 3. What is the remainder when 30 is divided by z(-4)?
8
Let l(s) be the first derivative of -s**3/3 - 19*s**2/2 - 4*s + 11. Let n = 11 - -5. Calculate the remainder when l(-17) is divided by n.
14
Calculate the remainder when -16*6*3/(-6) is divided by (25/4)/(2/8).
23
Calculate the remainder when (-2)/4*6*-35 is divided by 47/2 + 3/6 - -3.
24
What is the remainder when 22 is divided by (3 + 15/(-6))*(16 - 4)?
4
Let y be -5*(0 - (-12)/(-10)). Let f = 2 + y. Calculate the remainder when 14 is divided by f.
6
Suppose 5*w - 260 = -25. Calculate the remainder when w is divided by 8.
7
Calculate the remainder when 34 is divided by (-18)/(-12) - 30/(-4).
7
Let w = 72 - 55. Calculate the remainder when w is divided by 7.
3
What is the remainder when 35 is divided by 171/6*(-6)/(-9)?
16
Let f(q) = -q**2 + 4*q. Let w be f(6). Let y be w/10*10/(-4). Let h = 4 - y. What is the remainder when 1 is divided by h?
0
Let b be ((-16)/(-3))/(-1)*-3. Let w = b + 8. Let i(c) = -c. What is the remainder when w is divided by i(-13)?
11
Calculate the remainder when 9 is divided by 96/20 + 8/(-10).
1
Let q(t) = -11*t - 38. Let l(u) = -u + 12. Let v be l(6). What is the remainder when (-27)/v*(-22)/3 is divided by q(-5)?
16
Let b = -69 + 119. Calculate the remainder when 97 is divided by b.
47
Suppose -o - 4*o - 5*t + 95 = 0, -5*o + 105 = 3*t. Let u be (-155)/4 + 1/(-4). Let a = -26 - u. Calculate the remainder when o is divided by a.
11
Suppose -4*l + w + 74 = -26, 4*l - 92 = -w. What is the remainder when 167 is divided by l?
23
Suppose -n - 5*a + 3*a = -6, -5*n = -a - 8. Suppose -3*b - n*b = -55. Suppose 5*g - 35 = -3*z, 9 = z - 2*g - 21. Calculate the remainder when z is divided by b.
9
Suppose 5*r = 4*l - 193, -2*r - r = 3*l - 165. Suppose -28 - l = -5*g. Calculate the remainder when 30 is divided by g.
14
Let q(w) = 2*w**2 - 8*w + 2. Calculate the remainder when q(6) is divided by 7.
5
Let j(q) = 6*q**2 + 4*q + 2. Let z be j(-3). Suppose -3*y = -4*p + 13 - z, 5*p = y - 3. Let t(b) = -8*b - 2. What is the remainder when t(-5) is divided by y?
12
Suppose -x - 31 + 36 = 0. What is the remainder when -1 - (-3 - -2 - 8) is divided by x?
3
Suppose -o = -16 + 7. Let g(k) = -k + 9. Let u be g(5). Calculate the remainder when 102/u - 2/4 is divided by o.
7
Let f = -156 - -229. Suppose -2*w + 2*h = -27 - 5, 0 = -3*w + 5*h + 42. Calculate the remainder when f is divided by w.
16
Let i(y) be the first derivative of -y**2/2 + 11*y + 3. Let k be i(-9). Let q = -8 + k. What is the remainder when 35 is divided by q?
11
Suppose -t - 10 = -38. Calculate the remainder when 111 is divided by t.
27
Suppose -h - 3*z - 11 = 0, h = 4*z + 6 + 11. What is the remainder when h/(-3) - (-309)/9 is divided by 9?
7
Let v be 2/(-5) + 194/10. Let b(l) = -2*l + 6. Let w be b(-7). Suppose 3*r - v = w. What is the remainder when r is divided by 5?
3
Suppose 3*b - 18 = b. Calculate the remainder when -70*(-2 - (-1)/2)/3 is divided by b.
8
Let w(t) = 21*t + 3. Suppose 2*p - 2*f + 18 = 0, 6 = -p - f + 3. Let u be w(p). Let a = 194 + u. What is the remainder when a is divided by 24?
23
Suppose -23*a = -10*a - 104. Calculate the remainder when 55 is divided by a.
7
Let k = 14 + 30. What is the remainder when k is divided by 23?
21
Let c(i) = -6 + 6*i**2 + 3*i - i**3 - 2*i + 2. Let p be c(6). Suppose -8 = x - p*x. What is the remainder when 23 is divided by x?
7
Let d = -16 - -26. Calculate the remainder when 2*8 + (-1)/(-1) is divided by d.
7
Suppose -5*o = 20, 4*c - 5*o - 88 = -3*o. Let u be 48/10*(-1 + 6). Suppose 5*f = 31 + u. What is the remainder when c is divided by f?
9
Suppose -4*i + b + 7 = 0, 2*i = i - b + 8. Suppose i*a - 56 = -2*p, 4*p - 42 = -2*a + 5*p. What is the remainder when a is divided by 11?
9
Suppose 2*x - 510 = -120. Let i = x + -106. What is the remainder when i is divided by 23?
20
Let a(k) = k**3 - 3*k**2 + k. What is the remainder when 10 is divided by a(3)?
1
Suppose 2*s = -0*s + 3*m + 51, 2*s + 4*m = 16. Calculate the remainder when s is divided by 10.
8
Suppose -5*g - 33 = -u, 5*g + 0*g = -3*u - 1. Calculate the remainder when 19 is divided by u.
3
Suppose -2*g - r + 19 = 3*g, 5*r - 26 = -2*g. What is the remainder when 19 is divided by g?
1
Let z(m) = -8*m - 73. What is the remainder when 61 is divided by z(-13)?
30
Let s be (12 + -2)*(3 - 4). Calculate the remainder when ((-16)/3)/(s/30) is divided by 9.
7
Suppose -25 = -m - 0*m - 5*f, 0 = -3*m + 3*f + 57. What is the remainder when 73 is divided by m?
13
What is the remainder when (2 + 3)/((-2)/(-6)) is divided by 8?
7
Suppose 33*z - 29*z - 24 = 0. What is the remainder when 34 is divided by z?
4
Let s(a) = -a - 20. Let j be s(0). Let p = j + 58. Let g = 67 + -47. Calculate the remainder when p is divided by g.
18
Let v = -4 + 8. Suppose -5*p + s + 14 = -106, -120 = -v*p - 4*s. Calculate the remainder when p is divided by 13.
12
Let h(o) = 2*o**3 - 5*o**2 - o. Let k = 22 + 0. Calculate the remainder when k is divided by h(3).
4
Let k = -113 - -144. Calculate the remainder when k is divided by 11.
9
Let q = -24 - -36. What is the remainder when 44 is divided by q?
8
Suppose 0 = -2*t - t + 21. Let s(l) = 2 + 2*l + 0 + 3*l**2 - 3*l**3 - 4 + 2*l**3. Calculate the remainder when t is divided by s(3).
3
Let c be ((-18)/4)/(30/(-80)). What is the remainder when c - 4/(-16)*0 is divided by 5?
2
What is the remainder when -1 - 2/(8/(-132)) is divided by 12?
8
Let r(l) = 2*l**2 - 4*l. Suppose 308 = -7*g + 11*g. What is the remainder when g is divided by r(4)?
13
Let a = 35 + -22. Let o = 14 + a. What is the remainder when o is divided by 14?
13
Let h = 8 - 4. Suppose 0 = h*g + 1 - 29. Suppose -2*u + 18 = -5*y, -u - 2*u - 2*y + 8 = 0. What is the remainder when g is divided by u?
3
Let p = 5 - 6. Let k = -3 - p. Calculate the remainder when -3 + (k - -34) - 3 is divided by 14.
12
Suppose v + 0*